
{"id":82402,"date":"2026-03-17T09:22:48","date_gmt":"2026-03-17T09:22:48","guid":{"rendered":"https:\/\/elicromcolombia.com\/?post_type=product&#038;p=82402"},"modified":"2026-03-17T09:22:48","modified_gmt":"2026-03-17T09:22:48","slug":"30401","status":"publish","type":"product","link":"https:\/\/elicromcolombia.com\/?product=30401","title":{"rendered":"Datalogger de temperatura y humedad tipo USB"},"content":{"rendered":"<p>Especificaciones:<\/p>\n<p>-Certificaciones:  FDA EN12830, CE, Ros<br \/>\n-Opciones De Grabaci\u00f3n:  Multiuso<br \/>\n-Certificado De Validaci\u00f3n:  Copia Impresa<br \/>\n-Rango De Temperatura:  -30 \u2103 A 70 \u2103<br \/>\n-Software:  PDF \/Elitechlog Win O Mac (\u00daltima Versi\u00f3n)<br \/>\n-Rango De Humedad: 10%\uff5e95%<br \/>\n-La Generaci\u00f3n Del Informe: Informe PDF Autom\u00e1tico:<br \/>\n-Temperatura Y Humedad Precisi\u00f3n: \u00b10.5(-20\u2103\/+40\u2103);\u00b11.0 (Otro Rango)  \u00b13 % HR (25 \u2103, 20 % ~ 90 % HR), \u00b1 5 % HR<br \/>\n-Configuraci\u00f3n De Alarma:  Opcional, Hasta 5 Puntos, La Humedad Solo Admite Alarma De L\u00edmite Superior E Inferior<br \/>\n-Resoluci\u00f3n De Temperatura Y Humedad: 0,1 \u2103  (Temperatura) 0.1% HR<br \/>\n-Interfaz De Conexi\u00f3n:  USB 2.0, Tipo A<br \/>\n-Capacidad De Almacenamiento De Datos:  32.000 Lecturas<br \/>\n-Vida \u00datil\/Bater\u00eda:  Pila De Bot\u00f3n De 2 A\u00f1os\/ER14250<br \/>\n-Reprogramable: Con El Software Gratuito Elitech Win O MAC<br \/>\n-Intervalo De Registro:  15 Minutos (Est\u00e1ndar)<br \/>\n-Dimensiones:  131 Mm X 24 Mm (Largo X Profundidad)<br \/>\n-Modo De Inicio:  Bot\u00f3n O Software<br \/>\n-Peso: 60 g<br \/>\n-Modo de parada: bot\u00f3n, software o parada cuando est\u00e1 lleno <\/p>\n","protected":false},"excerpt":{"rendered":"<p>Especificaciones: -Certificaciones: FDA EN12830, CE, Ros -Opciones De Grabaci\u00f3n: Multiuso -Certificado De Validaci\u00f3n: Copia Impresa -Rango De Temperatura: -30 \u2103 A 70 \u2103 -Software: PDF \/Elitechlog Win O Mac (\u00daltima<\/p>\n","protected":false},"featured_media":82647,"comment_status":"open","ping_status":"closed","template":"","meta":[],"product_brand":[],"product_cat":[],"product_tag":[],"class_list":{"0":"post-82402","1":"product","2":"type-product","3":"status-publish","4":"has-post-thumbnail","7":"first","8":"outofstock","9":"taxable","10":"shipping-taxable","11":"purchasable","12":"product-type-simple"},"_links":{"self":[{"href":"https:\/\/elicromcolombia.com\/index.php?rest_route=\/wp\/v2\/product\/82402","targetHints":{"allow":["GET"]}}],"collection":[{"href":"https:\/\/elicromcolombia.com\/index.php?rest_route=\/wp\/v2\/product"}],"about":[{"href":"https:\/\/elicromcolombia.com\/index.php?rest_route=\/wp\/v2\/types\/product"}],"replies":[{"embeddable":true,"href":"https:\/\/elicromcolombia.com\/index.php?rest_route=%2Fwp%2Fv2%2Fcomments&post=82402"}],"wp:featuredmedia":[{"embeddable":true,"href":"https:\/\/elicromcolombia.com\/index.php?rest_route=\/wp\/v2\/media\/82647"}],"wp:attachment":[{"href":"https:\/\/elicromcolombia.com\/index.php?rest_route=%2Fwp%2Fv2%2Fmedia&parent=82402"}],"wp:term":[{"taxonomy":"product_brand","embeddable":true,"href":"https:\/\/elicromcolombia.com\/index.php?rest_route=%2Fwp%2Fv2%2Fproduct_brand&post=82402"},{"taxonomy":"product_cat","embeddable":true,"href":"https:\/\/elicromcolombia.com\/index.php?rest_route=%2Fwp%2Fv2%2Fproduct_cat&post=82402"},{"taxonomy":"product_tag","embeddable":true,"href":"https:\/\/elicromcolombia.com\/index.php?rest_route=%2Fwp%2Fv2%2Fproduct_tag&post=82402"}],"curies":[{"name":"wp","href":"https:\/\/api.w.org\/{rel}","templated":true}]}}