
{"id":81106,"date":"2026-01-29T16:52:56","date_gmt":"2026-01-29T16:52:56","guid":{"rendered":"https:\/\/elicromcolombia.com\/?post_type=product&#038;p=81106"},"modified":"2026-04-01T10:41:19","modified_gmt":"2026-04-01T15:41:19","slug":"27414","status":"publish","type":"product","link":"https:\/\/elicromcolombia.com\/?product=27414","title":{"rendered":"Termohigr\u00f3metro con sonda externa y reloj"},"content":{"rendered":"<p>TH-0511 es un termohigr\u00f3metro con reloj digital, mide temperatura y humedad relativa del aire, adem\u00e1s con su sonda externa mide tambi\u00e9n la temperatura de un medio isotermo como refrigeradora, incubadora, ba\u00f1o o cualquier otro medio, apto para uso en laboratorios de control de calidad, farmacias, droguer\u00edas, bodegas.<\/p>\n<p>Especificaciones:<br \/>\n-Muestra temperatura interior y humedad, temperatura exterior.<br \/>\n-Registra la temperatura y humedad m\u00e1xima y m\u00ednima.<br \/>\n-Pantalla interior, temperatura y humedad.<br \/>\n-Pantalla exterior, reloj.<br \/>\n-Registra el m\u00e1ximo y m\u00ednimo de temperatura y humedad.<br \/>\n-Temperatura Externa: -50 \u00b0C a 70 \u00b0C<br \/>\n-Temperatura Interna: -10 \u00b0C a 50 \u00b0C<br \/>\n-Rango de Humedad: 20%RH \u2013 90%RH.<br \/>\n-Exactitud de Temperatura: \u00b11.0 \u00b0C entre 0 \u00b0C a 50 \u00b0C,  o +\/-2 \u00b0C, +\/-5%HR.<br \/>\n-Energ\u00eda: El Termohigr\u00f3metro utiliza una pila alcalina AAA de 1.5V para su funcionamiento.<br \/>\n-Precisi\u00f3n: +\/-1\u00b0C, +\/-5% RH;<br \/>\n-Tiempo de alarma<br \/>\n-1,5 V operar (AAA);<br \/>\n-Uso del medio ambiente: -10 \u00b0C + 50 \u00b0C<\/p>\n","protected":false},"excerpt":{"rendered":"<p>TH-0511 es un termohigr\u00f3metro con reloj digital, mide temperatura y humedad relativa del aire, adem\u00e1s con su sonda externa mide tambi\u00e9n la temperatura de un medio isotermo como refrigeradora, incubadora,<\/p>\n","protected":false},"featured_media":82521,"comment_status":"open","ping_status":"closed","template":"","meta":[],"product_brand":[],"product_cat":[],"product_tag":[],"class_list":{"0":"post-81106","1":"product","2":"type-product","3":"status-publish","4":"has-post-thumbnail","7":"first","8":"instock","9":"taxable","10":"shipping-taxable","11":"purchasable","12":"product-type-simple"},"_links":{"self":[{"href":"https:\/\/elicromcolombia.com\/index.php?rest_route=\/wp\/v2\/product\/81106","targetHints":{"allow":["GET"]}}],"collection":[{"href":"https:\/\/elicromcolombia.com\/index.php?rest_route=\/wp\/v2\/product"}],"about":[{"href":"https:\/\/elicromcolombia.com\/index.php?rest_route=\/wp\/v2\/types\/product"}],"replies":[{"embeddable":true,"href":"https:\/\/elicromcolombia.com\/index.php?rest_route=%2Fwp%2Fv2%2Fcomments&post=81106"}],"wp:featuredmedia":[{"embeddable":true,"href":"https:\/\/elicromcolombia.com\/index.php?rest_route=\/wp\/v2\/media\/82521"}],"wp:attachment":[{"href":"https:\/\/elicromcolombia.com\/index.php?rest_route=%2Fwp%2Fv2%2Fmedia&parent=81106"}],"wp:term":[{"taxonomy":"product_brand","embeddable":true,"href":"https:\/\/elicromcolombia.com\/index.php?rest_route=%2Fwp%2Fv2%2Fproduct_brand&post=81106"},{"taxonomy":"product_cat","embeddable":true,"href":"https:\/\/elicromcolombia.com\/index.php?rest_route=%2Fwp%2Fv2%2Fproduct_cat&post=81106"},{"taxonomy":"product_tag","embeddable":true,"href":"https:\/\/elicromcolombia.com\/index.php?rest_route=%2Fwp%2Fv2%2Fproduct_tag&post=81106"}],"curies":[{"name":"wp","href":"https:\/\/api.w.org\/{rel}","templated":true}]}}